(p) = 1377*p**2 - 4*p - 5. What is the tens digit of t(-1)?
7
Let i(f) = -f + 1. Let w be i(-8). Suppose -t + w = -v, 0*t + v + 21 = 3*t. What is the units digit of 1/t + (-1644)/(-72)?
3
Let g be 5 - 1 - (3 + -1). Suppose -g = 5*h - 17. Suppose -h = -v + 3. What is the units digit of v?
6
Let f(i) = -4*i + 19. Let a be f(-8). Let x = a + -25. What is the units digit of x + 6*8/12?
0
Let m(b) = 11*b**2 - b. Let k be m(2). Let x(q) = -3*q - 1. Let p be x(6). Let o = k + p. What is the units digit of o?
3
Suppose 4*f - g - 5 = 5786, -4*g + 7244 = 5*f. What is the units digit of f?
8
Suppose -2*w = 3*u - 45, 0 = w - 2*w - 4*u + 25. Suppose -y - w = -4*y + 4*f, -y + 9 = -2*f. Suppose y*n = 4*n - 18. What is the units digit of n?
8
Let c(z) = 1 + 2*z**2 - 3*z**2 + 4*z + 5*z. Let u be c(6). Suppose -50 = -4*t - 2*s, -3*t + 2*s - u = -74. What is the tens digit of t?
1
Let z(w) = w**2 - 5*w - 2. Let n be z(3). What is the units digit of (12/(-10))/(n/560)?
4
Let n(k) = -8*k - 10 - 4*k + 9*k + 2*k**2 - k**2. What is the tens digit of n(-4)?
1
Suppose x - 990 = 210. What is the hundreds digit of x?
2
Let g = 3593 + -2248. What is the tens digit of g?
4
Let d(n) = -8*n - 29. Let v(j) = 31*j + 116. Let t(x) = -9*d(x) - 2*v(x). What is the units digit of t(14)?
9
Let p = 1690 - -123. What is the units digit of p?
3
Let r(o) = o**3 - 4*o**2 - o + 6. Let p be r(10). Let x = p - 426. What is the tens digit of x?
7
Let g = -86 - -16. Let l = -36 - g. Let v = l + -20. What is the units digit of v?
4
Let g be 4 - (2/(-7) - (-9)/7). Suppose k - 174 = p, 3*k + g*p - 498 = -0*k. What is the units digit of k?
0
Let g = 131 + 87. What is the units digit of g?
8
Let h = -24 + 12. Let p = -45 + 19. Let n = h - p. What is the tens digit of n?
1
Let b(z) = -145*z + 4. Let l be b(1). Let h = 285 + l. What is the units digit of h?
4
Suppose 0*w + 263 = w + 4*y, 511 = 2*w + 3*y. What is the hundreds digit of w?
2
Let k(a) = -a**2 + 3*a - 13. Let t be k(7). Let j = t - -241. What is the tens digit of j?
0
Suppose 9*k - a = 4*k + 15, 0 = k + 4*a - 24. Suppose -o + 313 = 4*h + 2*o, -295 = -k*h + 3*o. What is the units digit of h?
6
Let r = 15 - -318. What is the hundreds digit of r?
3
Let k = -130 - -90. What is the units digit of (-8344)/k + 6/15?
9
Suppose 20*q - 26715 - 9565 = 0. What is the tens digit of q?
1
Suppose 0 = -2*w - 22*d + 26*d + 1718, -w + 865 = d. What is the units digit of w?
3
Let o(x) = 14*x**3 + 5*x**2 - 11*x + 6. What is the units digit of o(3)?
6
Let o be 47/(-5) + (-20)/(-50). What is the hundreds digit of (-2177)/(-21) - ((-6)/o)/(-2)?
1
What is the thousands digit of (-4361)/(-14)*(-90)/(-21)?
1
Suppose 12*m = 15*m. Suppose m = -5*s + 3*s + 10, 3*j - 838 = -2*s. What is the hundreds digit of j?
2
Let c be ((-4)/(-3))/(8/36). Suppose 66 = -4*l + c. What is the units digit of 8*-1*l/20?
6
What is the hundreds digit of (-6597)/(-9) - 5/(10/(-4))?
7
Suppose -9*q - 6*q = 0. Suppose -4*i + 7 = -1. Suppose -h + 47 = i*x, 3*x - 18 + 6 = q. What is the units digit of h?
9
Suppose -633*t = -634*t + 151. What is the hundreds digit of t?
1
What is the thousands digit of (-7 + (-3204)/(-16))*(-3 + 11)?
1
Let i(h) = -2*h**3 - 10*h**2 - 13*h - 37. What is the units digit of i(-5)?
8
Suppose 7*i + 10 = 12*i. Suppose -i*r + 12 = r. Suppose -r*o + 122 = -6. What is the units digit of o?
2
Let o be (-1)/(36/(-64)) + (-2)/(-9). Let h = -2 - -1. What is the units digit of h - (-4 - (1 + o))?
6
What is the thousands digit of 1/(5/3940)*(-10)/(-4)?
1
Suppose -3*t + 19 = -2. Let b(x) = x**3 - 2*x**2 - 6*x + 10. Let h be b(4). Suppose -10 - h = -t*a. What is the units digit of a?
4
Suppose -5*m + 4*m = 0. Suppose y - 11 - 33 = m. What is the units digit of y?
4
Let y = -67 - -5. Let q be ((-16)/4)/8*y. Let o = q - 17. What is the tens digit of o?
1
What is the units digit of (-10)/35 - (-3369)/7?
1
Let o = 10 - 13. Let w(f) = 4*f**2 - f - 2. Let s be w(o). Suppose -7 = m - s. What is the tens digit of m?
3
Let z be ((-72)/(-1))/(-4) + 3. Let f be 4/3*z/(-2). What is the units digit of 1/(2/f) - 2?
3
Let z = 1383 - 701. Let n = -443 + z. What is the tens digit of n?
3
Let s(y) be the first derivative of -1 + 3*y**3 + 2*y**2 - 25*y - y**3 - y**3 + 26*y. What is the tens digit of s(3)?
4
Suppose -m = -3*f - 730, 0*f + 706 = m + 5*f. What is the tens digit of m?
2
What is the hundreds digit of 3*(-1 + 672/9)?
2
Let x be (-2)/((6/2)/(-42)). Let w = 43 - x. Let n = w - -6. What is the units digit of n?
1
Suppose 3*o = 15*o - 7416. What is the hundreds digit of o?
6
Suppose 5*m - 3*j = -18, 5*j + 27 = 7. Let o(q) = -q**2 - 11*q. What is the tens digit of o(m)?
3
Let m(c) = -3*c - 15. Let l be (-78)/(-9)*(-6)/(-4). Let f be (-1)/(-1)*-1*l. What is the tens digit of m(f)?
2
Suppose 0 = z - 3*s + 8*s - 1004, s + 4942 = 5*z. What is the tens digit of z?
8
Suppose -2*c + 6 = 2. Suppose 3*u = 4*t + 42, -2*t - 14 = -u + 2*t. Suppose u = k + c. What is the units digit of k?
2
Suppose -4 = n + 2*n - 4*v, n + 2 = 2*v. Suppose -3*b - 2*y + 58 = 0, -b + n*y = y - 21. What is the tens digit of b?
1
Suppose 8*w - 26 + 10 = 0. What is the units digit of 89/w*3/((-9)/(-6))?
9
Suppose 5 = 5*r, -2*p + 779 - 119 = 4*r. What is the hundreds digit of p?
3
Let v(x) = -155*x**2 - 3*x. Let g be v(-4). What is the hundreds digit of (-26)/91 + g/(-14)?
1
Suppose 3 = -3*w + 9. Let t be (1 - 2)/(w/(-76)). Suppose -t = -x - x. What is the tens digit of x?
1
Let x be 4/8 - (-46)/(-4). Let p = x - -13. Suppose -2*f = b - 9 - 5, b - p*f - 10 = 0. What is the tens digit of b?
1
Let y be (-37)/((-4)/30 + 3/9). Let t = 342 + y. What is the units digit of t?
7
Let o = 90 - 188. Let p = o + 163. What is the units digit of 1550/p + (-4)/(-26)?
4
Let d = 81 - 80. What is the units digit of -4 + d - (-123)/3?
8
Let k be (1 - 5) + 35 + (2 - -1). Suppose 36*d - 26 = k*d. What is the tens digit of d?
1
What is the units digit of -1 - (-3834 + (2 - -4) + 6)?
1
What is the hundreds digit of ((-32)/(-24))/4 + (-7556)/(-3)?
5
Let l be ((-9)/2)/((-3)/8). Let x be (-1 - -1)*(-1 - 0). Let p = x + l. What is the units digit of p?
2
Let c = -280 + 556. What is the units digit of c?
6
What is the units digit of (-9)/((-1008)/(-7)) - (-152418)/32?
3
Let w(l) = 9 - 6 + l - 3*l - 5*l - 2 - l**2. Let q = 4 - 11. What is the units digit of w(q)?
1
Let x = 84 + -84. Let g(w) = w**3 + w**2 + w + 27. What is the tens digit of g(x)?
2
Suppose x + 14 = -2*v, -v = -5*v + 4*x - 4. Let n(f) = 2*f**2 - 14*f - 9. Let p be n(8). Let k = p + v. What is the units digit of k?
2
Let l = -2244 + 4016. What is the hundreds digit of l?
7
Let q(n) = 210*n + 571. What is the tens digit of q(8)?
5
Let t = 14 - 18. What is the units digit of 1 + (t - -109) + 4?
0
Suppose h + 4 = -2*f, -4*h + 5 = f - 0*f. Suppose 53 = h*m - 225. What is the hundreds digit of m?
1
Let x(a) be the first derivative of -2*a**3/3 + a**2 + 88*a + 17. What is the units digit of x(0)?
8
Suppose -53 = 5*x - 203. Let m = 18 + x. What is the units digit of m?
8
Let c(m) = 3*m**2 - 20*m + 12. Let j be c(6). Let s = 74 - 34. Suppose -s = -j*w - 5*w. What is the units digit of w?
8
Suppose -q = -3*a - 40, -4*a + 143 = 5*q - 0*q. Suppose 6 = -m + q. Let d = m - 7. What is the units digit of d?
8
Suppose -5*r + 1202 = -v + 6943, 28653 = 5*v + r. What is the thousands digit of v?
5
Let c = 234 + 24. Let z = c - 51. What is the hundreds digit of z?
2
Let u be 146/2*(-3 - -4). Suppose -f + u = -53. What is the units digit of f/10 - (-14)/35?
3
Suppose -89*y = -32*y - 41325. What is the hundreds digit of y?
7
Suppose 3*a = 2*t - 107, 5*a = -3*t + 47 + 123. Suppose -7*s = -1889 + t. What is the tens digit of s?
6
Let c = 714 - 498. Suppose -11*q + c = -2*q. What is the units digit of q?
4
Let s(g) = -3*g**2 + 14*g + 9. Let d be s(10). Let c = d - -99. Let t = c - -95. What is the units digit of t?
3
Let p = 34 + -44. Let r = p - -91. What is the units digit of r?
1
Suppose -4*j = -k - k - 2818, 2*j - 1399 = -k. What is the tens digit of j?
0
Let c = 13 - 21. Let q be c/20 + 24/(-15). Let d(h) = 2*h**2 - 4*h - 4. What is the tens digit of d(q)?
1
Suppose 0 = -2*u - 4*d - 184, d - 80 = -2*u + 3*u. What is the units digit of (28/(-6))/(8/u)?
9
Suppose 5*h - 2182 = 4*z, -36*h + 3*z + 443 = -35*h.